{"id":12152,"date":"2025-03-31T17:49:05","date_gmt":"2025-03-31T15:49:05","guid":{"rendered":"https:\/\/espaicrater.com\/curs-internacional-de-vulcanologia\/"},"modified":"2026-03-17T14:57:24","modified_gmt":"2026-03-17T13:57:24","slug":"cursovolcanologia","status":"publish","type":"page","link":"https:\/\/espaicrater.com\/es\/cursovolcanologia\/","title":{"rendered":"Curso internacional de volcanolog\u00eda"},"content":{"rendered":"","protected":false},"excerpt":{"rendered":"","protected":false},"author":1,"featured_media":14938,"parent":0,"menu_order":0,"comment_status":"closed","ping_status":"closed","template":"flexible.blade.php","meta":{"_acf_changed":false,"footnotes":""},"class_list":["post-12152","page","type-page","status-publish","has-post-thumbnail","hentry"],"acf":[],"yoast_head":"<title>Curso internacional de volcanolog\u00eda - Espai Cr\u00e0ter<\/title>\n<meta name=\"description\" content=\"El Curso Internacional de Volcanolog\u00eda. Garrotxa - La Palma (2.\u00aa Edici\u00f3n) tiene como objetivo proporcionar una formaci\u00f3n integral...\" \/>\n<meta name=\"robots\" content=\"index, follow, max-snippet:-1, max-image-preview:large, max-video-preview:-1\" \/>\n<link rel=\"canonical\" href=\"https:\/\/espaicrater.com\/es\/cursovolcanologia\/\" \/>\n<meta property=\"og:locale\" content=\"es_ES\" \/>\n<meta property=\"og:type\" content=\"article\" \/>\n<meta property=\"og:title\" content=\"Curso internacional de volcanolog\u00eda - Espai Cr\u00e0ter\" \/>\n<meta property=\"og:description\" content=\"El Curso Internacional de Volcanolog\u00eda. Garrotxa - La Palma (2.\u00aa Edici\u00f3n) tiene como objetivo proporcionar una formaci\u00f3n integral...\" \/>\n<meta property=\"og:url\" content=\"https:\/\/espaicrater.com\/es\/cursovolcanologia\/\" \/>\n<meta property=\"og:site_name\" content=\"Espai Cr\u00e0ter\" \/>\n<meta property=\"article:modified_time\" content=\"2026-03-17T13:57:24+00:00\" \/>\n<meta property=\"og:image\" content=\"https:\/\/espaicrater.com\/app\/uploads\/2026\/03\/1-Vulcanologia-3840x2160-px.png\" \/>\n\t<meta property=\"og:image:width\" content=\"2560\" \/>\n\t<meta property=\"og:image:height\" content=\"1440\" \/>\n\t<meta property=\"og:image:type\" content=\"image\/png\" \/>\n<meta name=\"twitter:card\" content=\"summary_large_image\" \/>\n<script type=\"application\/ld+json\" class=\"yoast-schema-graph\">{\"@context\":\"https:\\\/\\\/schema.org\",\"@graph\":[{\"@type\":\"WebPage\",\"@id\":\"https:\\\/\\\/espaicrater.com\\\/es\\\/cursovolcanologia\\\/\",\"url\":\"https:\\\/\\\/espaicrater.com\\\/es\\\/cursovolcanologia\\\/\",\"name\":\"Curso internacional de volcanolog\u00eda - Espai Cr\u00e0ter\",\"isPartOf\":{\"@id\":\"https:\\\/\\\/espaicrater.com\\\/#website\"},\"primaryImageOfPage\":{\"@id\":\"https:\\\/\\\/espaicrater.com\\\/es\\\/cursovolcanologia\\\/#primaryimage\"},\"image\":{\"@id\":\"https:\\\/\\\/espaicrater.com\\\/es\\\/cursovolcanologia\\\/#primaryimage\"},\"thumbnailUrl\":\"https:\\\/\\\/espaicrater.com\\\/app\\\/uploads\\\/2026\\\/03\\\/1-Vulcanologia-3840x2160-px.png\",\"datePublished\":\"2025-03-31T15:49:05+00:00\",\"dateModified\":\"2026-03-17T13:57:24+00:00\",\"description\":\"El Curso Internacional de Volcanolog\u00eda. Garrotxa - La Palma (2.\u00aa Edici\u00f3n) tiene como objetivo proporcionar una formaci\u00f3n integral...\",\"breadcrumb\":{\"@id\":\"https:\\\/\\\/espaicrater.com\\\/es\\\/cursovolcanologia\\\/#breadcrumb\"},\"inLanguage\":\"es\",\"potentialAction\":[{\"@type\":\"ReadAction\",\"target\":[\"https:\\\/\\\/espaicrater.com\\\/es\\\/cursovolcanologia\\\/\"]}]},{\"@type\":\"ImageObject\",\"inLanguage\":\"es\",\"@id\":\"https:\\\/\\\/espaicrater.com\\\/es\\\/cursovolcanologia\\\/#primaryimage\",\"url\":\"https:\\\/\\\/espaicrater.com\\\/app\\\/uploads\\\/2026\\\/03\\\/1-Vulcanologia-3840x2160-px.png\",\"contentUrl\":\"https:\\\/\\\/espaicrater.com\\\/app\\\/uploads\\\/2026\\\/03\\\/1-Vulcanologia-3840x2160-px.png\",\"width\":2560,\"height\":1440},{\"@type\":\"BreadcrumbList\",\"@id\":\"https:\\\/\\\/espaicrater.com\\\/es\\\/cursovolcanologia\\\/#breadcrumb\",\"itemListElement\":[{\"@type\":\"ListItem\",\"position\":1,\"name\":\"Inicio\",\"item\":\"https:\\\/\\\/espaicrater.com\\\/es\\\/\"},{\"@type\":\"ListItem\",\"position\":2,\"name\":\"Curso internacional de volcanolog\u00eda\"}]},{\"@type\":\"WebSite\",\"@id\":\"https:\\\/\\\/espaicrater.com\\\/#website\",\"url\":\"https:\\\/\\\/espaicrater.com\\\/\",\"name\":\"Espai Cr\u00e0ter\",\"description\":\"Viatge al centre de la vida\",\"publisher\":{\"@id\":\"https:\\\/\\\/espaicrater.com\\\/#organization\"},\"potentialAction\":[{\"@type\":\"SearchAction\",\"target\":{\"@type\":\"EntryPoint\",\"urlTemplate\":\"https:\\\/\\\/espaicrater.com\\\/?s={search_term_string}\"},\"query-input\":{\"@type\":\"PropertyValueSpecification\",\"valueRequired\":true,\"valueName\":\"search_term_string\"}}],\"inLanguage\":\"es\"},{\"@type\":\"Organization\",\"@id\":\"https:\\\/\\\/espaicrater.com\\\/#organization\",\"name\":\"Espai Cr\u00e0ter\",\"url\":\"https:\\\/\\\/espaicrater.com\\\/\",\"logo\":{\"@type\":\"ImageObject\",\"inLanguage\":\"es\",\"@id\":\"https:\\\/\\\/espaicrater.com\\\/#\\\/schema\\\/logo\\\/image\\\/\",\"url\":\"https:\\\/\\\/espaicrater.com\\\/app\\\/uploads\\\/2022\\\/02\\\/espai-crater-1.png\",\"contentUrl\":\"https:\\\/\\\/espaicrater.com\\\/app\\\/uploads\\\/2022\\\/02\\\/espai-crater-1.png\",\"width\":801,\"height\":320,\"caption\":\"Espai Cr\u00e0ter\"},\"image\":{\"@id\":\"https:\\\/\\\/espaicrater.com\\\/#\\\/schema\\\/logo\\\/image\\\/\"}}]}<\/script>","yoast_head_json":{"title":"Curso internacional de volcanolog\u00eda - Espai Cr\u00e0ter","description":"El Curso Internacional de Volcanolog\u00eda. Garrotxa - La Palma (2.\u00aa Edici\u00f3n) tiene como objetivo proporcionar una formaci\u00f3n integral...","robots":{"index":"index","follow":"follow","max-snippet":"max-snippet:-1","max-image-preview":"max-image-preview:large","max-video-preview":"max-video-preview:-1"},"canonical":"https:\/\/espaicrater.com\/es\/cursovolcanologia\/","og_locale":"es_ES","og_type":"article","og_title":"Curso internacional de volcanolog\u00eda - Espai Cr\u00e0ter","og_description":"El Curso Internacional de Volcanolog\u00eda. Garrotxa - La Palma (2.\u00aa Edici\u00f3n) tiene como objetivo proporcionar una formaci\u00f3n integral...","og_url":"https:\/\/espaicrater.com\/es\/cursovolcanologia\/","og_site_name":"Espai Cr\u00e0ter","article_modified_time":"2026-03-17T13:57:24+00:00","og_image":[{"width":2560,"height":1440,"url":"https:\/\/espaicrater.com\/app\/uploads\/2026\/03\/1-Vulcanologia-3840x2160-px.png","type":"image\/png"}],"twitter_card":"summary_large_image","schema":{"@context":"https:\/\/schema.org","@graph":[{"@type":"WebPage","@id":"https:\/\/espaicrater.com\/es\/cursovolcanologia\/","url":"https:\/\/espaicrater.com\/es\/cursovolcanologia\/","name":"Curso internacional de volcanolog\u00eda - Espai Cr\u00e0ter","isPartOf":{"@id":"https:\/\/espaicrater.com\/#website"},"primaryImageOfPage":{"@id":"https:\/\/espaicrater.com\/es\/cursovolcanologia\/#primaryimage"},"image":{"@id":"https:\/\/espaicrater.com\/es\/cursovolcanologia\/#primaryimage"},"thumbnailUrl":"https:\/\/espaicrater.com\/app\/uploads\/2026\/03\/1-Vulcanologia-3840x2160-px.png","datePublished":"2025-03-31T15:49:05+00:00","dateModified":"2026-03-17T13:57:24+00:00","description":"El Curso Internacional de Volcanolog\u00eda. Garrotxa - La Palma (2.\u00aa Edici\u00f3n) tiene como objetivo proporcionar una formaci\u00f3n integral...","breadcrumb":{"@id":"https:\/\/espaicrater.com\/es\/cursovolcanologia\/#breadcrumb"},"inLanguage":"es","potentialAction":[{"@type":"ReadAction","target":["https:\/\/espaicrater.com\/es\/cursovolcanologia\/"]}]},{"@type":"ImageObject","inLanguage":"es","@id":"https:\/\/espaicrater.com\/es\/cursovolcanologia\/#primaryimage","url":"https:\/\/espaicrater.com\/app\/uploads\/2026\/03\/1-Vulcanologia-3840x2160-px.png","contentUrl":"https:\/\/espaicrater.com\/app\/uploads\/2026\/03\/1-Vulcanologia-3840x2160-px.png","width":2560,"height":1440},{"@type":"BreadcrumbList","@id":"https:\/\/espaicrater.com\/es\/cursovolcanologia\/#breadcrumb","itemListElement":[{"@type":"ListItem","position":1,"name":"Inicio","item":"https:\/\/espaicrater.com\/es\/"},{"@type":"ListItem","position":2,"name":"Curso internacional de volcanolog\u00eda"}]},{"@type":"WebSite","@id":"https:\/\/espaicrater.com\/#website","url":"https:\/\/espaicrater.com\/","name":"Espai Cr\u00e0ter","description":"Viatge al centre de la vida","publisher":{"@id":"https:\/\/espaicrater.com\/#organization"},"potentialAction":[{"@type":"SearchAction","target":{"@type":"EntryPoint","urlTemplate":"https:\/\/espaicrater.com\/?s={search_term_string}"},"query-input":{"@type":"PropertyValueSpecification","valueRequired":true,"valueName":"search_term_string"}}],"inLanguage":"es"},{"@type":"Organization","@id":"https:\/\/espaicrater.com\/#organization","name":"Espai Cr\u00e0ter","url":"https:\/\/espaicrater.com\/","logo":{"@type":"ImageObject","inLanguage":"es","@id":"https:\/\/espaicrater.com\/#\/schema\/logo\/image\/","url":"https:\/\/espaicrater.com\/app\/uploads\/2022\/02\/espai-crater-1.png","contentUrl":"https:\/\/espaicrater.com\/app\/uploads\/2022\/02\/espai-crater-1.png","width":801,"height":320,"caption":"Espai Cr\u00e0ter"},"image":{"@id":"https:\/\/espaicrater.com\/#\/schema\/logo\/image\/"}}]}},"_links":{"self":[{"href":"https:\/\/espaicrater.com\/es\/wp-json\/wp\/v2\/pages\/12152","targetHints":{"allow":["GET"]}}],"collection":[{"href":"https:\/\/espaicrater.com\/es\/wp-json\/wp\/v2\/pages"}],"about":[{"href":"https:\/\/espaicrater.com\/es\/wp-json\/wp\/v2\/types\/page"}],"author":[{"embeddable":true,"href":"https:\/\/espaicrater.com\/es\/wp-json\/wp\/v2\/users\/1"}],"replies":[{"embeddable":true,"href":"https:\/\/espaicrater.com\/es\/wp-json\/wp\/v2\/comments?post=12152"}],"version-history":[{"count":12,"href":"https:\/\/espaicrater.com\/es\/wp-json\/wp\/v2\/pages\/12152\/revisions"}],"predecessor-version":[{"id":14995,"href":"https:\/\/espaicrater.com\/es\/wp-json\/wp\/v2\/pages\/12152\/revisions\/14995"}],"wp:featuredmedia":[{"embeddable":true,"href":"https:\/\/espaicrater.com\/es\/wp-json\/wp\/v2\/media\/14938"}],"wp:attachment":[{"href":"https:\/\/espaicrater.com\/es\/wp-json\/wp\/v2\/media?parent=12152"}],"curies":[{"name":"wp","href":"https:\/\/api.w.org\/{rel}","templated":true}]}}

Curso internacional de volcanología

<title>Curso internacional de volcanología - Espai Cràter</title>
<meta name="description" content="El Curso Internacional de Volcanología. Garrotxa - La Palma (2.ª Edición) tiene como objetivo proporcionar una formación integral..." />
<meta name="robots" content="index, follow, max-snippet:-1, max-image-preview:large, max-video-preview:-1" />
<link rel="canonical" href="https://espaicrater.com/es/cursovolcanologia/" />
<meta property="og:locale" content="es_ES" />
<meta property="og:type" content="article" />
<meta property="og:title" content="Curso internacional de volcanología - Espai Cràter" />
<meta property="og:description" content="El Curso Internacional de Volcanología. Garrotxa - La Palma (2.ª Edición) tiene como objetivo proporcionar una formación integral..." />
<meta property="og:url" content="https://espaicrater.com/es/cursovolcanologia/" />
<meta property="og:site_name" content="Espai Cràter" />
<meta property="article:modified_time" content="2026-03-17T13:57:24+00:00" />
<meta property="og:image" content="https://espaicrater.com/app/uploads/2026/03/1-Vulcanologia-3840x2160-px.png" />
	<meta property="og:image:width" content="2560" />
	<meta property="og:image:height" content="1440" />
	<meta property="og:image:type" content="image/png" />
<meta name="twitter:card" content="summary_large_image" />
<script type="application/ld+json" class="yoast-schema-graph">{"@context":"https:\/\/schema.org","@graph":[{"@type":"WebPage","@id":"https:\/\/espaicrater.com\/es\/cursovolcanologia\/","url":"https:\/\/espaicrater.com\/es\/cursovolcanologia\/","name":"Curso internacional de volcanología - Espai Cràter","isPartOf":{"@id":"https:\/\/espaicrater.com\/#website"},"primaryImageOfPage":{"@id":"https:\/\/espaicrater.com\/es\/cursovolcanologia\/#primaryimage"},"image":{"@id":"https:\/\/espaicrater.com\/es\/cursovolcanologia\/#primaryimage"},"thumbnailUrl":"https:\/\/espaicrater.com\/app\/uploads\/2026\/03\/1-Vulcanologia-3840x2160-px.png","datePublished":"2025-03-31T15:49:05+00:00","dateModified":"2026-03-17T13:57:24+00:00","description":"El Curso Internacional de Volcanología. Garrotxa - La Palma (2.ª Edición) tiene como objetivo proporcionar una formación integral...","breadcrumb":{"@id":"https:\/\/espaicrater.com\/es\/cursovolcanologia\/#breadcrumb"},"inLanguage":"es","potentialAction":[{"@type":"ReadAction","target":["https:\/\/espaicrater.com\/es\/cursovolcanologia\/"]}]},{"@type":"ImageObject","inLanguage":"es","@id":"https:\/\/espaicrater.com\/es\/cursovolcanologia\/#primaryimage","url":"https:\/\/espaicrater.com\/app\/uploads\/2026\/03\/1-Vulcanologia-3840x2160-px.png","contentUrl":"https:\/\/espaicrater.com\/app\/uploads\/2026\/03\/1-Vulcanologia-3840x2160-px.png","width":2560,"height":1440},{"@type":"BreadcrumbList","@id":"https:\/\/espaicrater.com\/es\/cursovolcanologia\/#breadcrumb","itemListElement":[{"@type":"ListItem","position":1,"name":"Inicio","item":"https:\/\/espaicrater.com\/es\/"},{"@type":"ListItem","position":2,"name":"Curso internacional de volcanología"}]},{"@type":"WebSite","@id":"https:\/\/espaicrater.com\/#website","url":"https:\/\/espaicrater.com\/","name":"Espai Cràter","description":"Viatge al centre de la vida","publisher":{"@id":"https:\/\/espaicrater.com\/#organization"},"potentialAction":[{"@type":"SearchAction","target":{"@type":"EntryPoint","urlTemplate":"https:\/\/espaicrater.com\/?s={search_term_string}"},"query-input":{"@type":"PropertyValueSpecification","valueRequired":true,"valueName":"search_term_string"}}],"inLanguage":"es"},{"@type":"Organization","@id":"https:\/\/espaicrater.com\/#organization","name":"Espai Cràter","url":"https:\/\/espaicrater.com\/","logo":{"@type":"ImageObject","inLanguage":"es","@id":"https:\/\/espaicrater.com\/#\/schema\/logo\/image\/","url":"https:\/\/espaicrater.com\/app\/uploads\/2022\/02\/espai-crater-1.png","contentUrl":"https:\/\/espaicrater.com\/app\/uploads\/2022\/02\/espai-crater-1.png","width":801,"height":320,"caption":"Espai Cràter"},"image":{"@id":"https:\/\/espaicrater.com\/#\/schema\/logo\/image\/"}}]}</script>

Curso internacional de volcanología - Espai Cràter

El Curso Internacional de Volcanología. Garrotxa - La Palma (2.ª Edición) tiene como objetivo proporcionar una formación integral...

Espai Cràter
