{"id":7357,"date":"2023-11-30T19:33:37","date_gmt":"2023-11-30T18:33:37","guid":{"rendered":"https:\/\/espaicrater.com\/paisatge-i-benestar\/"},"modified":"2023-12-04T14:18:24","modified_gmt":"2023-12-04T13:18:24","slug":"paisatge-i-benestar","status":"publish","type":"page","link":"https:\/\/espaicrater.com\/es\/paisatge-i-benestar\/","title":{"rendered":"Taller para identificar retos en torno a la salud mental y el paisaje"},"content":{"rendered":"\n<p>El 28 de junio de 2021, se organiz\u00f3 este taller orientado al an\u00e1lisis y detecci\u00f3n de problem\u00e1ticas en torno a la interacci\u00f3n entre la salud mental y el paisaje. Los principales retos detectados se vincularon al entorno de los j\u00f3venes y su conexi\u00f3n con el paisaje, la relaci\u00f3n entre el urbanismo y la salud mental, el v\u00ednculo entre los profesionales de la salud y los del paisaje, y las alianzas entre los colectivos como elemento vertebrador. <\/p>\n\n\n\n<p>La actividad fue organizada conjuntamente entre el Espai Cr\u00e0ter, el Consorcio de Acci\u00f3n Social de la Garrotxa, el Hospital de Olot y Comarcal de la Garrotxa, la Universidad Aut\u00f3noma de Barcelona y Adrinoc.<\/p>\n\n\n\n<figure class=\"wp-block-image size-full is-resized\"><img loading=\"lazy\" decoding=\"async\" width=\"1240\" height=\"1754\" src=\"https:\/\/espaicrater.com\/app\/uploads\/2023\/12\/2-SALUT-MENTAL-I-PAISATGE-01-3.jpg\" alt=\"\" class=\"wp-image-7467\" style=\"aspect-ratio:0.7069555302166477;width:525px;height:auto\" srcset=\"https:\/\/espaicrater.com\/app\/uploads\/2023\/12\/2-SALUT-MENTAL-I-PAISATGE-01-3.jpg 1240w, https:\/\/espaicrater.com\/app\/uploads\/2023\/12\/2-SALUT-MENTAL-I-PAISATGE-01-3-212x300.jpg 212w, https:\/\/espaicrater.com\/app\/uploads\/2023\/12\/2-SALUT-MENTAL-I-PAISATGE-01-3-768x1086.jpg 768w, https:\/\/espaicrater.com\/app\/uploads\/2023\/12\/2-SALUT-MENTAL-I-PAISATGE-01-3-1086x1536.jpg 1086w\" sizes=\"auto, (max-width: 1240px) 100vw, 1240px\" \/><\/figure>\n","protected":false},"excerpt":{"rendered":"<p>El 28 de junio de 2021, se organiz\u00f3 este taller orientado al an\u00e1lisis y detecci\u00f3n de problem\u00e1ticas en torno a la interacci\u00f3n entre la salud mental y el paisaje. Los principales retos detectados se vincularon al entorno de los j\u00f3venes y su conexi\u00f3n con el paisaje, la relaci\u00f3n entre el urbanismo y la salud mental, &hellip; <a href=\"https:\/\/espaicrater.com\/es\/paisatge-i-benestar\/\">Continued<\/a><\/p>\n","protected":false},"author":2,"featured_media":7480,"parent":0,"menu_order":0,"comment_status":"closed","ping_status":"closed","template":"","meta":{"_acf_changed":false,"footnotes":""},"class_list":["post-7357","page","type-page","status-publish","has-post-thumbnail","hentry"],"acf":[],"yoast_head":"<title>Taller para identificar retos en torno a la salud mental y el paisaje - Espai Cr\u00e0ter<\/title>\n<meta name=\"description\" content=\"Taller orientado al an\u00e1lisis y detecci\u00f3n de problem\u00e1ticas en torno a la interacci\u00f3n entre la salud mental y el paisaje.\" \/>\n<meta name=\"robots\" content=\"index, follow, max-snippet:-1, max-image-preview:large, max-video-preview:-1\" \/>\n<link rel=\"canonical\" href=\"https:\/\/espaicrater.com\/es\/paisatge-i-benestar\/\" \/>\n<meta property=\"og:locale\" content=\"es_ES\" \/>\n<meta property=\"og:type\" content=\"article\" \/>\n<meta property=\"og:title\" content=\"Taller para identificar retos en torno a la salud mental y el paisaje - Espai Cr\u00e0ter\" \/>\n<meta property=\"og:description\" content=\"Taller orientado al an\u00e1lisis y detecci\u00f3n de problem\u00e1ticas en torno a la interacci\u00f3n entre la salud mental y el paisaje.\" \/>\n<meta property=\"og:url\" content=\"https:\/\/espaicrater.com\/es\/paisatge-i-benestar\/\" \/>\n<meta property=\"og:site_name\" content=\"Espai Cr\u00e0ter\" \/>\n<meta property=\"article:modified_time\" content=\"2023-12-04T13:18:24+00:00\" \/>\n<meta property=\"og:image\" content=\"https:\/\/espaicrater.com\/app\/uploads\/2023\/12\/IMG_20210628_113413-scaled.jpg\" \/>\n\t<meta property=\"og:image:width\" content=\"2560\" \/>\n\t<meta property=\"og:image:height\" content=\"1440\" \/>\n\t<meta property=\"og:image:type\" content=\"image\/jpeg\" \/>\n<meta name=\"twitter:card\" content=\"summary_large_image\" \/>\n<meta name=\"twitter:label1\" content=\"Tiempo de lectura\" \/>\n\t<meta name=\"twitter:data1\" content=\"1 minuto\" \/>\n<script type=\"application\/ld+json\" class=\"yoast-schema-graph\">{\"@context\":\"https:\\\/\\\/schema.org\",\"@graph\":[{\"@type\":\"WebPage\",\"@id\":\"https:\\\/\\\/espaicrater.com\\\/es\\\/paisatge-i-benestar\\\/\",\"url\":\"https:\\\/\\\/espaicrater.com\\\/es\\\/paisatge-i-benestar\\\/\",\"name\":\"Taller para identificar retos en torno a la salud mental y el paisaje - Espai Cr\u00e0ter\",\"isPartOf\":{\"@id\":\"https:\\\/\\\/espaicrater.com\\\/#website\"},\"primaryImageOfPage\":{\"@id\":\"https:\\\/\\\/espaicrater.com\\\/es\\\/paisatge-i-benestar\\\/#primaryimage\"},\"image\":{\"@id\":\"https:\\\/\\\/espaicrater.com\\\/es\\\/paisatge-i-benestar\\\/#primaryimage\"},\"thumbnailUrl\":\"https:\\\/\\\/espaicrater.com\\\/app\\\/uploads\\\/2023\\\/12\\\/IMG_20210628_113413-scaled.jpg\",\"datePublished\":\"2023-11-30T18:33:37+00:00\",\"dateModified\":\"2023-12-04T13:18:24+00:00\",\"description\":\"Taller orientado al an\u00e1lisis y detecci\u00f3n de problem\u00e1ticas en torno a la interacci\u00f3n entre la salud mental y el paisaje.\",\"breadcrumb\":{\"@id\":\"https:\\\/\\\/espaicrater.com\\\/es\\\/paisatge-i-benestar\\\/#breadcrumb\"},\"inLanguage\":\"es\",\"potentialAction\":[{\"@type\":\"ReadAction\",\"target\":[\"https:\\\/\\\/espaicrater.com\\\/es\\\/paisatge-i-benestar\\\/\"]}]},{\"@type\":\"ImageObject\",\"inLanguage\":\"es\",\"@id\":\"https:\\\/\\\/espaicrater.com\\\/es\\\/paisatge-i-benestar\\\/#primaryimage\",\"url\":\"https:\\\/\\\/espaicrater.com\\\/app\\\/uploads\\\/2023\\\/12\\\/IMG_20210628_113413-scaled.jpg\",\"contentUrl\":\"https:\\\/\\\/espaicrater.com\\\/app\\\/uploads\\\/2023\\\/12\\\/IMG_20210628_113413-scaled.jpg\",\"width\":2560,\"height\":1440},{\"@type\":\"BreadcrumbList\",\"@id\":\"https:\\\/\\\/espaicrater.com\\\/es\\\/paisatge-i-benestar\\\/#breadcrumb\",\"itemListElement\":[{\"@type\":\"ListItem\",\"position\":1,\"name\":\"Inicio\",\"item\":\"https:\\\/\\\/espaicrater.com\\\/es\\\/\"},{\"@type\":\"ListItem\",\"position\":2,\"name\":\"Taller para identificar retos en torno a la salud mental y el paisaje\"}]},{\"@type\":\"WebSite\",\"@id\":\"https:\\\/\\\/espaicrater.com\\\/#website\",\"url\":\"https:\\\/\\\/espaicrater.com\\\/\",\"name\":\"Espai Cr\u00e0ter\",\"description\":\"Viatge al centre de la vida\",\"publisher\":{\"@id\":\"https:\\\/\\\/espaicrater.com\\\/#organization\"},\"potentialAction\":[{\"@type\":\"SearchAction\",\"target\":{\"@type\":\"EntryPoint\",\"urlTemplate\":\"https:\\\/\\\/espaicrater.com\\\/?s={search_term_string}\"},\"query-input\":{\"@type\":\"PropertyValueSpecification\",\"valueRequired\":true,\"valueName\":\"search_term_string\"}}],\"inLanguage\":\"es\"},{\"@type\":\"Organization\",\"@id\":\"https:\\\/\\\/espaicrater.com\\\/#organization\",\"name\":\"Espai Cr\u00e0ter\",\"url\":\"https:\\\/\\\/espaicrater.com\\\/\",\"logo\":{\"@type\":\"ImageObject\",\"inLanguage\":\"es\",\"@id\":\"https:\\\/\\\/espaicrater.com\\\/#\\\/schema\\\/logo\\\/image\\\/\",\"url\":\"https:\\\/\\\/espaicrater.com\\\/app\\\/uploads\\\/2022\\\/02\\\/espai-crater-1.png\",\"contentUrl\":\"https:\\\/\\\/espaicrater.com\\\/app\\\/uploads\\\/2022\\\/02\\\/espai-crater-1.png\",\"width\":801,\"height\":320,\"caption\":\"Espai Cr\u00e0ter\"},\"image\":{\"@id\":\"https:\\\/\\\/espaicrater.com\\\/#\\\/schema\\\/logo\\\/image\\\/\"}}]}<\/script>","yoast_head_json":{"title":"Taller para identificar retos en torno a la salud mental y el paisaje - Espai Cr\u00e0ter","description":"Taller orientado al an\u00e1lisis y detecci\u00f3n de problem\u00e1ticas en torno a la interacci\u00f3n entre la salud mental y el paisaje.","robots":{"index":"index","follow":"follow","max-snippet":"max-snippet:-1","max-image-preview":"max-image-preview:large","max-video-preview":"max-video-preview:-1"},"canonical":"https:\/\/espaicrater.com\/es\/paisatge-i-benestar\/","og_locale":"es_ES","og_type":"article","og_title":"Taller para identificar retos en torno a la salud mental y el paisaje - Espai Cr\u00e0ter","og_description":"Taller orientado al an\u00e1lisis y detecci\u00f3n de problem\u00e1ticas en torno a la interacci\u00f3n entre la salud mental y el paisaje.","og_url":"https:\/\/espaicrater.com\/es\/paisatge-i-benestar\/","og_site_name":"Espai Cr\u00e0ter","article_modified_time":"2023-12-04T13:18:24+00:00","og_image":[{"width":2560,"height":1440,"url":"https:\/\/espaicrater.com\/app\/uploads\/2023\/12\/IMG_20210628_113413-scaled.jpg","type":"image\/jpeg"}],"twitter_card":"summary_large_image","twitter_misc":{"Tiempo de lectura":"1 minuto"},"schema":{"@context":"https:\/\/schema.org","@graph":[{"@type":"WebPage","@id":"https:\/\/espaicrater.com\/es\/paisatge-i-benestar\/","url":"https:\/\/espaicrater.com\/es\/paisatge-i-benestar\/","name":"Taller para identificar retos en torno a la salud mental y el paisaje - Espai Cr\u00e0ter","isPartOf":{"@id":"https:\/\/espaicrater.com\/#website"},"primaryImageOfPage":{"@id":"https:\/\/espaicrater.com\/es\/paisatge-i-benestar\/#primaryimage"},"image":{"@id":"https:\/\/espaicrater.com\/es\/paisatge-i-benestar\/#primaryimage"},"thumbnailUrl":"https:\/\/espaicrater.com\/app\/uploads\/2023\/12\/IMG_20210628_113413-scaled.jpg","datePublished":"2023-11-30T18:33:37+00:00","dateModified":"2023-12-04T13:18:24+00:00","description":"Taller orientado al an\u00e1lisis y detecci\u00f3n de problem\u00e1ticas en torno a la interacci\u00f3n entre la salud mental y el paisaje.","breadcrumb":{"@id":"https:\/\/espaicrater.com\/es\/paisatge-i-benestar\/#breadcrumb"},"inLanguage":"es","potentialAction":[{"@type":"ReadAction","target":["https:\/\/espaicrater.com\/es\/paisatge-i-benestar\/"]}]},{"@type":"ImageObject","inLanguage":"es","@id":"https:\/\/espaicrater.com\/es\/paisatge-i-benestar\/#primaryimage","url":"https:\/\/espaicrater.com\/app\/uploads\/2023\/12\/IMG_20210628_113413-scaled.jpg","contentUrl":"https:\/\/espaicrater.com\/app\/uploads\/2023\/12\/IMG_20210628_113413-scaled.jpg","width":2560,"height":1440},{"@type":"BreadcrumbList","@id":"https:\/\/espaicrater.com\/es\/paisatge-i-benestar\/#breadcrumb","itemListElement":[{"@type":"ListItem","position":1,"name":"Inicio","item":"https:\/\/espaicrater.com\/es\/"},{"@type":"ListItem","position":2,"name":"Taller para identificar retos en torno a la salud mental y el paisaje"}]},{"@type":"WebSite","@id":"https:\/\/espaicrater.com\/#website","url":"https:\/\/espaicrater.com\/","name":"Espai Cr\u00e0ter","description":"Viatge al centre de la vida","publisher":{"@id":"https:\/\/espaicrater.com\/#organization"},"potentialAction":[{"@type":"SearchAction","target":{"@type":"EntryPoint","urlTemplate":"https:\/\/espaicrater.com\/?s={search_term_string}"},"query-input":{"@type":"PropertyValueSpecification","valueRequired":true,"valueName":"search_term_string"}}],"inLanguage":"es"},{"@type":"Organization","@id":"https:\/\/espaicrater.com\/#organization","name":"Espai Cr\u00e0ter","url":"https:\/\/espaicrater.com\/","logo":{"@type":"ImageObject","inLanguage":"es","@id":"https:\/\/espaicrater.com\/#\/schema\/logo\/image\/","url":"https:\/\/espaicrater.com\/app\/uploads\/2022\/02\/espai-crater-1.png","contentUrl":"https:\/\/espaicrater.com\/app\/uploads\/2022\/02\/espai-crater-1.png","width":801,"height":320,"caption":"Espai Cr\u00e0ter"},"image":{"@id":"https:\/\/espaicrater.com\/#\/schema\/logo\/image\/"}}]}},"_links":{"self":[{"href":"https:\/\/espaicrater.com\/es\/wp-json\/wp\/v2\/pages\/7357","targetHints":{"allow":["GET"]}}],"collection":[{"href":"https:\/\/espaicrater.com\/es\/wp-json\/wp\/v2\/pages"}],"about":[{"href":"https:\/\/espaicrater.com\/es\/wp-json\/wp\/v2\/types\/page"}],"author":[{"embeddable":true,"href":"https:\/\/espaicrater.com\/es\/wp-json\/wp\/v2\/users\/2"}],"replies":[{"embeddable":true,"href":"https:\/\/espaicrater.com\/es\/wp-json\/wp\/v2\/comments?post=7357"}],"version-history":[{"count":4,"href":"https:\/\/espaicrater.com\/es\/wp-json\/wp\/v2\/pages\/7357\/revisions"}],"predecessor-version":[{"id":7503,"href":"https:\/\/espaicrater.com\/es\/wp-json\/wp\/v2\/pages\/7357\/revisions\/7503"}],"wp:featuredmedia":[{"embeddable":true,"href":"https:\/\/espaicrater.com\/es\/wp-json\/wp\/v2\/media\/7480"}],"wp:attachment":[{"href":"https:\/\/espaicrater.com\/es\/wp-json\/wp\/v2\/media?parent=7357"}],"curies":[{"name":"wp","href":"https:\/\/api.w.org\/{rel}","templated":true}]}}

<p>El 28 de junio de 2021, se organizó este taller orientado al análisis y detección de problemáticas en torno a la interacción entre la salud mental y el paisaje. Los principales retos detectados se vincularon al entorno de los jóvenes y su conexión con el paisaje, la relación entre el urbanismo y la salud mental, el vínculo entre los profesionales de la salud y los del paisaje, y las alianzas entre los colectivos como elemento vertebrador. </p>



<p>La actividad fue organizada conjuntamente entre el Espai Cràter, el Consorcio de Acción Social de la Garrotxa, el Hospital de Olot y Comarcal de la Garrotxa, la Universidad Autónoma de Barcelona y Adrinoc.</p>



<figure class="wp-block-image size-full is-resized"><img loading="lazy" decoding="async" width="1240" height="1754" src="https://espaicrater.com/app/uploads/2023/12/2-SALUT-MENTAL-I-PAISATGE-01-3.jpg" alt="" class="wp-image-7467" style="aspect-ratio:0.7069555302166477;width:525px;height:auto" srcset="https://espaicrater.com/app/uploads/2023/12/2-SALUT-MENTAL-I-PAISATGE-01-3.jpg 1240w, https://espaicrater.com/app/uploads/2023/12/2-SALUT-MENTAL-I-PAISATGE-01-3-212x300.jpg 212w, https://espaicrater.com/app/uploads/2023/12/2-SALUT-MENTAL-I-PAISATGE-01-3-768x1086.jpg 768w, https://espaicrater.com/app/uploads/2023/12/2-SALUT-MENTAL-I-PAISATGE-01-3-1086x1536.jpg 1086w" sizes="auto, (max-width: 1240px) 100vw, 1240px" /></figure>

<p>El 28 de junio de 2021, se organizó este taller orientado al análisis y detección de problemáticas en torno a la interacción entre la salud mental y el paisaje. Los principales retos detectados se vincularon al entorno de los jóvenes y su conexión con el paisaje, la relación entre el urbanismo y la salud mental, &hellip; <a href="https://espaicrater.com/es/paisatge-i-benestar/">Continued</a></p>

<title>Taller para identificar retos en torno a la salud mental y el paisaje - Espai Cràter</title>
<meta name="description" content="Taller orientado al análisis y detección de problemáticas en torno a la interacción entre la salud mental y el paisaje." />
<meta name="robots" content="index, follow, max-snippet:-1, max-image-preview:large, max-video-preview:-1" />
<link rel="canonical" href="https://espaicrater.com/es/paisatge-i-benestar/" />
<meta property="og:locale" content="es_ES" />
<meta property="og:type" content="article" />
<meta property="og:title" content="Taller para identificar retos en torno a la salud mental y el paisaje - Espai Cràter" />
<meta property="og:description" content="Taller orientado al análisis y detección de problemáticas en torno a la interacción entre la salud mental y el paisaje." />
<meta property="og:url" content="https://espaicrater.com/es/paisatge-i-benestar/" />
<meta property="og:site_name" content="Espai Cràter" />
<meta property="article:modified_time" content="2023-12-04T13:18:24+00:00" />
<meta property="og:image" content="https://espaicrater.com/app/uploads/2023/12/IMG_20210628_113413-scaled.jpg" />
	<meta property="og:image:width" content="2560" />
	<meta property="og:image:height" content="1440" />
	<meta property="og:image:type" content="image/jpeg" />
<meta name="twitter:card" content="summary_large_image" />
<meta name="twitter:label1" content="Tiempo de lectura" />
	<meta name="twitter:data1" content="1 minuto" />
<script type="application/ld+json" class="yoast-schema-graph">{"@context":"https:\/\/schema.org","@graph":[{"@type":"WebPage","@id":"https:\/\/espaicrater.com\/es\/paisatge-i-benestar\/","url":"https:\/\/espaicrater.com\/es\/paisatge-i-benestar\/","name":"Taller para identificar retos en torno a la salud mental y el paisaje - Espai Cràter","isPartOf":{"@id":"https:\/\/espaicrater.com\/#website"},"primaryImageOfPage":{"@id":"https:\/\/espaicrater.com\/es\/paisatge-i-benestar\/#primaryimage"},"image":{"@id":"https:\/\/espaicrater.com\/es\/paisatge-i-benestar\/#primaryimage"},"thumbnailUrl":"https:\/\/espaicrater.com\/app\/uploads\/2023\/12\/IMG_20210628_113413-scaled.jpg","datePublished":"2023-11-30T18:33:37+00:00","dateModified":"2023-12-04T13:18:24+00:00","description":"Taller orientado al análisis y detección de problemáticas en torno a la interacción entre la salud mental y el paisaje.","breadcrumb":{"@id":"https:\/\/espaicrater.com\/es\/paisatge-i-benestar\/#breadcrumb"},"inLanguage":"es","potentialAction":[{"@type":"ReadAction","target":["https:\/\/espaicrater.com\/es\/paisatge-i-benestar\/"]}]},{"@type":"ImageObject","inLanguage":"es","@id":"https:\/\/espaicrater.com\/es\/paisatge-i-benestar\/#primaryimage","url":"https:\/\/espaicrater.com\/app\/uploads\/2023\/12\/IMG_20210628_113413-scaled.jpg","contentUrl":"https:\/\/espaicrater.com\/app\/uploads\/2023\/12\/IMG_20210628_113413-scaled.jpg","width":2560,"height":1440},{"@type":"BreadcrumbList","@id":"https:\/\/espaicrater.com\/es\/paisatge-i-benestar\/#breadcrumb","itemListElement":[{"@type":"ListItem","position":1,"name":"Inicio","item":"https:\/\/espaicrater.com\/es\/"},{"@type":"ListItem","position":2,"name":"Taller para identificar retos en torno a la salud mental y el paisaje"}]},{"@type":"WebSite","@id":"https:\/\/espaicrater.com\/#website","url":"https:\/\/espaicrater.com\/","name":"Espai Cràter","description":"Viatge al centre de la vida","publisher":{"@id":"https:\/\/espaicrater.com\/#organization"},"potentialAction":[{"@type":"SearchAction","target":{"@type":"EntryPoint","urlTemplate":"https:\/\/espaicrater.com\/?s={search_term_string}"},"query-input":{"@type":"PropertyValueSpecification","valueRequired":true,"valueName":"search_term_string"}}],"inLanguage":"es"},{"@type":"Organization","@id":"https:\/\/espaicrater.com\/#organization","name":"Espai Cràter","url":"https:\/\/espaicrater.com\/","logo":{"@type":"ImageObject","inLanguage":"es","@id":"https:\/\/espaicrater.com\/#\/schema\/logo\/image\/","url":"https:\/\/espaicrater.com\/app\/uploads\/2022\/02\/espai-crater-1.png","contentUrl":"https:\/\/espaicrater.com\/app\/uploads\/2022\/02\/espai-crater-1.png","width":801,"height":320,"caption":"Espai Cràter"},"image":{"@id":"https:\/\/espaicrater.com\/#\/schema\/logo\/image\/"}}]}</script>

Taller para identificar retos en torno a la salud mental y el paisaje - Espai Cràter

Taller orientado al análisis y detección de problemáticas en torno a la interacción entre la salud mental y el paisaje.

Espai Cràter
