{"id":11103,"date":"2025-02-03T10:54:29","date_gmt":"2025-02-03T09:54:29","guid":{"rendered":"https:\/\/espaicrater.com\/?page_id=11103"},"modified":"2025-02-05T11:38:13","modified_gmt":"2025-02-05T10:38:13","slug":"le-projet-de-batet-2","status":"publish","type":"page","link":"https:\/\/espaicrater.com\/fr\/explorer\/initiative\/le-projet-de-batet-2\/","title":{"rendered":"Projet Escola d&#8217;Arts i Disseny d&#8217;Olot"},"content":{"rendered":"","protected":false},"excerpt":{"rendered":"","protected":false},"author":2,"featured_media":11368,"parent":1712,"menu_order":0,"comment_status":"closed","ping_status":"closed","template":"flexible.blade.php","meta":{"_acf_changed":false,"footnotes":""},"class_list":["post-11103","page","type-page","status-publish","has-post-thumbnail","hentry"],"acf":[],"yoast_head":"<title>Projet Escola d&#039;Arts i Disseny d&#039;Olot - Espai Cr\u00e0ter<\/title>\n<meta name=\"description\" content=\"La collaboration entre Espai Cr\u00e0ter et l&#039;\u00e9cole d&#039;art et de design d&#039;Olot s&#039;est consolid\u00e9e dans le cadre d&#039;un projet visant \u00e0...\" \/>\n<meta name=\"robots\" content=\"index, follow, max-snippet:-1, max-image-preview:large, max-video-preview:-1\" \/>\n<link rel=\"canonical\" href=\"https:\/\/espaicrater.com\/fr\/explorer\/initiative\/le-projet-de-batet-2\/\" \/>\n<meta property=\"og:locale\" content=\"fr_FR\" \/>\n<meta property=\"og:type\" content=\"article\" \/>\n<meta property=\"og:title\" content=\"Projet Escola d&#039;Arts i Disseny d&#039;Olot - Espai Cr\u00e0ter\" \/>\n<meta property=\"og:description\" content=\"La collaboration entre Espai Cr\u00e0ter et l&#039;\u00e9cole d&#039;art et de design d&#039;Olot s&#039;est consolid\u00e9e dans le cadre d&#039;un projet visant \u00e0...\" \/>\n<meta property=\"og:url\" content=\"https:\/\/espaicrater.com\/fr\/explorer\/initiative\/le-projet-de-batet-2\/\" \/>\n<meta property=\"og:site_name\" content=\"Espai Cr\u00e0ter\" \/>\n<meta property=\"article:modified_time\" content=\"2025-02-05T10:38:13+00:00\" \/>\n<meta property=\"og:image\" content=\"https:\/\/espaicrater.com\/app\/uploads\/2025\/02\/Captura-de-pantalla-2025-02-04-a-les-11.11.56.jpg\" \/>\n\t<meta property=\"og:image:width\" content=\"1788\" \/>\n\t<meta property=\"og:image:height\" content=\"1122\" \/>\n\t<meta property=\"og:image:type\" content=\"image\/jpeg\" \/>\n<meta name=\"twitter:card\" content=\"summary_large_image\" \/>\n<script type=\"application\/ld+json\" class=\"yoast-schema-graph\">{\"@context\":\"https:\\\/\\\/schema.org\",\"@graph\":[{\"@type\":\"WebPage\",\"@id\":\"https:\\\/\\\/espaicrater.com\\\/fr\\\/explorer\\\/initiative\\\/le-projet-de-batet-2\\\/\",\"url\":\"https:\\\/\\\/espaicrater.com\\\/fr\\\/explorer\\\/initiative\\\/le-projet-de-batet-2\\\/\",\"name\":\"Projet Escola d'Arts i Disseny d'Olot - Espai Cr\u00e0ter\",\"isPartOf\":{\"@id\":\"https:\\\/\\\/espaicrater.com\\\/#website\"},\"primaryImageOfPage\":{\"@id\":\"https:\\\/\\\/espaicrater.com\\\/fr\\\/explorer\\\/initiative\\\/le-projet-de-batet-2\\\/#primaryimage\"},\"image\":{\"@id\":\"https:\\\/\\\/espaicrater.com\\\/fr\\\/explorer\\\/initiative\\\/le-projet-de-batet-2\\\/#primaryimage\"},\"thumbnailUrl\":\"https:\\\/\\\/espaicrater.com\\\/app\\\/uploads\\\/2025\\\/02\\\/Captura-de-pantalla-2025-02-04-a-les-11.11.56.jpg\",\"datePublished\":\"2025-02-03T09:54:29+00:00\",\"dateModified\":\"2025-02-05T10:38:13+00:00\",\"description\":\"La collaboration entre Espai Cr\u00e0ter et l'\u00e9cole d'art et de design d'Olot s'est consolid\u00e9e dans le cadre d'un projet visant \u00e0...\",\"breadcrumb\":{\"@id\":\"https:\\\/\\\/espaicrater.com\\\/fr\\\/explorer\\\/initiative\\\/le-projet-de-batet-2\\\/#breadcrumb\"},\"inLanguage\":\"fr-FR\",\"potentialAction\":[{\"@type\":\"ReadAction\",\"target\":[\"https:\\\/\\\/espaicrater.com\\\/fr\\\/explorer\\\/initiative\\\/le-projet-de-batet-2\\\/\"]}]},{\"@type\":\"ImageObject\",\"inLanguage\":\"fr-FR\",\"@id\":\"https:\\\/\\\/espaicrater.com\\\/fr\\\/explorer\\\/initiative\\\/le-projet-de-batet-2\\\/#primaryimage\",\"url\":\"https:\\\/\\\/espaicrater.com\\\/app\\\/uploads\\\/2025\\\/02\\\/Captura-de-pantalla-2025-02-04-a-les-11.11.56.jpg\",\"contentUrl\":\"https:\\\/\\\/espaicrater.com\\\/app\\\/uploads\\\/2025\\\/02\\\/Captura-de-pantalla-2025-02-04-a-les-11.11.56.jpg\",\"width\":1788,\"height\":1122},{\"@type\":\"BreadcrumbList\",\"@id\":\"https:\\\/\\\/espaicrater.com\\\/fr\\\/explorer\\\/initiative\\\/le-projet-de-batet-2\\\/#breadcrumb\",\"itemListElement\":[{\"@type\":\"ListItem\",\"position\":1,\"name\":\"Home\",\"item\":\"https:\\\/\\\/espaicrater.com\\\/fr\\\/\"},{\"@type\":\"ListItem\",\"position\":2,\"name\":\"Explorer\",\"item\":\"https:\\\/\\\/espaicrater.com\\\/fr\\\/explorer\\\/\"},{\"@type\":\"ListItem\",\"position\":3,\"name\":\"Initiative\",\"item\":\"https:\\\/\\\/espaicrater.com\\\/fr\\\/explorer\\\/initiative\\\/\"},{\"@type\":\"ListItem\",\"position\":4,\"name\":\"Projet Escola d&#8217;Arts i Disseny d&#8217;Olot\"}]},{\"@type\":\"WebSite\",\"@id\":\"https:\\\/\\\/espaicrater.com\\\/#website\",\"url\":\"https:\\\/\\\/espaicrater.com\\\/\",\"name\":\"Espai Cr\u00e0ter\",\"description\":\"Viatge al centre de la vida\",\"publisher\":{\"@id\":\"https:\\\/\\\/espaicrater.com\\\/#organization\"},\"potentialAction\":[{\"@type\":\"SearchAction\",\"target\":{\"@type\":\"EntryPoint\",\"urlTemplate\":\"https:\\\/\\\/espaicrater.com\\\/?s={search_term_string}\"},\"query-input\":{\"@type\":\"PropertyValueSpecification\",\"valueRequired\":true,\"valueName\":\"search_term_string\"}}],\"inLanguage\":\"fr-FR\"},{\"@type\":\"Organization\",\"@id\":\"https:\\\/\\\/espaicrater.com\\\/#organization\",\"name\":\"Espai Cr\u00e0ter\",\"url\":\"https:\\\/\\\/espaicrater.com\\\/\",\"logo\":{\"@type\":\"ImageObject\",\"inLanguage\":\"fr-FR\",\"@id\":\"https:\\\/\\\/espaicrater.com\\\/#\\\/schema\\\/logo\\\/image\\\/\",\"url\":\"https:\\\/\\\/espaicrater.com\\\/app\\\/uploads\\\/2022\\\/02\\\/espai-crater-1.png\",\"contentUrl\":\"https:\\\/\\\/espaicrater.com\\\/app\\\/uploads\\\/2022\\\/02\\\/espai-crater-1.png\",\"width\":801,\"height\":320,\"caption\":\"Espai Cr\u00e0ter\"},\"image\":{\"@id\":\"https:\\\/\\\/espaicrater.com\\\/#\\\/schema\\\/logo\\\/image\\\/\"}}]}<\/script>","yoast_head_json":{"title":"Projet Escola d'Arts i Disseny d'Olot - Espai Cr\u00e0ter","description":"La collaboration entre Espai Cr\u00e0ter et l'\u00e9cole d'art et de design d'Olot s'est consolid\u00e9e dans le cadre d'un projet visant \u00e0...","robots":{"index":"index","follow":"follow","max-snippet":"max-snippet:-1","max-image-preview":"max-image-preview:large","max-video-preview":"max-video-preview:-1"},"canonical":"https:\/\/espaicrater.com\/fr\/explorer\/initiative\/le-projet-de-batet-2\/","og_locale":"fr_FR","og_type":"article","og_title":"Projet Escola d'Arts i Disseny d'Olot - Espai Cr\u00e0ter","og_description":"La collaboration entre Espai Cr\u00e0ter et l'\u00e9cole d'art et de design d'Olot s'est consolid\u00e9e dans le cadre d'un projet visant \u00e0...","og_url":"https:\/\/espaicrater.com\/fr\/explorer\/initiative\/le-projet-de-batet-2\/","og_site_name":"Espai Cr\u00e0ter","article_modified_time":"2025-02-05T10:38:13+00:00","og_image":[{"width":1788,"height":1122,"url":"https:\/\/espaicrater.com\/app\/uploads\/2025\/02\/Captura-de-pantalla-2025-02-04-a-les-11.11.56.jpg","type":"image\/jpeg"}],"twitter_card":"summary_large_image","schema":{"@context":"https:\/\/schema.org","@graph":[{"@type":"WebPage","@id":"https:\/\/espaicrater.com\/fr\/explorer\/initiative\/le-projet-de-batet-2\/","url":"https:\/\/espaicrater.com\/fr\/explorer\/initiative\/le-projet-de-batet-2\/","name":"Projet Escola d'Arts i Disseny d'Olot - Espai Cr\u00e0ter","isPartOf":{"@id":"https:\/\/espaicrater.com\/#website"},"primaryImageOfPage":{"@id":"https:\/\/espaicrater.com\/fr\/explorer\/initiative\/le-projet-de-batet-2\/#primaryimage"},"image":{"@id":"https:\/\/espaicrater.com\/fr\/explorer\/initiative\/le-projet-de-batet-2\/#primaryimage"},"thumbnailUrl":"https:\/\/espaicrater.com\/app\/uploads\/2025\/02\/Captura-de-pantalla-2025-02-04-a-les-11.11.56.jpg","datePublished":"2025-02-03T09:54:29+00:00","dateModified":"2025-02-05T10:38:13+00:00","description":"La collaboration entre Espai Cr\u00e0ter et l'\u00e9cole d'art et de design d'Olot s'est consolid\u00e9e dans le cadre d'un projet visant \u00e0...","breadcrumb":{"@id":"https:\/\/espaicrater.com\/fr\/explorer\/initiative\/le-projet-de-batet-2\/#breadcrumb"},"inLanguage":"fr-FR","potentialAction":[{"@type":"ReadAction","target":["https:\/\/espaicrater.com\/fr\/explorer\/initiative\/le-projet-de-batet-2\/"]}]},{"@type":"ImageObject","inLanguage":"fr-FR","@id":"https:\/\/espaicrater.com\/fr\/explorer\/initiative\/le-projet-de-batet-2\/#primaryimage","url":"https:\/\/espaicrater.com\/app\/uploads\/2025\/02\/Captura-de-pantalla-2025-02-04-a-les-11.11.56.jpg","contentUrl":"https:\/\/espaicrater.com\/app\/uploads\/2025\/02\/Captura-de-pantalla-2025-02-04-a-les-11.11.56.jpg","width":1788,"height":1122},{"@type":"BreadcrumbList","@id":"https:\/\/espaicrater.com\/fr\/explorer\/initiative\/le-projet-de-batet-2\/#breadcrumb","itemListElement":[{"@type":"ListItem","position":1,"name":"Home","item":"https:\/\/espaicrater.com\/fr\/"},{"@type":"ListItem","position":2,"name":"Explorer","item":"https:\/\/espaicrater.com\/fr\/explorer\/"},{"@type":"ListItem","position":3,"name":"Initiative","item":"https:\/\/espaicrater.com\/fr\/explorer\/initiative\/"},{"@type":"ListItem","position":4,"name":"Projet Escola d&#8217;Arts i Disseny d&#8217;Olot"}]},{"@type":"WebSite","@id":"https:\/\/espaicrater.com\/#website","url":"https:\/\/espaicrater.com\/","name":"Espai Cr\u00e0ter","description":"Viatge al centre de la vida","publisher":{"@id":"https:\/\/espaicrater.com\/#organization"},"potentialAction":[{"@type":"SearchAction","target":{"@type":"EntryPoint","urlTemplate":"https:\/\/espaicrater.com\/?s={search_term_string}"},"query-input":{"@type":"PropertyValueSpecification","valueRequired":true,"valueName":"search_term_string"}}],"inLanguage":"fr-FR"},{"@type":"Organization","@id":"https:\/\/espaicrater.com\/#organization","name":"Espai Cr\u00e0ter","url":"https:\/\/espaicrater.com\/","logo":{"@type":"ImageObject","inLanguage":"fr-FR","@id":"https:\/\/espaicrater.com\/#\/schema\/logo\/image\/","url":"https:\/\/espaicrater.com\/app\/uploads\/2022\/02\/espai-crater-1.png","contentUrl":"https:\/\/espaicrater.com\/app\/uploads\/2022\/02\/espai-crater-1.png","width":801,"height":320,"caption":"Espai Cr\u00e0ter"},"image":{"@id":"https:\/\/espaicrater.com\/#\/schema\/logo\/image\/"}}]}},"_links":{"self":[{"href":"https:\/\/espaicrater.com\/fr\/wp-json\/wp\/v2\/pages\/11103","targetHints":{"allow":["GET"]}}],"collection":[{"href":"https:\/\/espaicrater.com\/fr\/wp-json\/wp\/v2\/pages"}],"about":[{"href":"https:\/\/espaicrater.com\/fr\/wp-json\/wp\/v2\/types\/page"}],"author":[{"embeddable":true,"href":"https:\/\/espaicrater.com\/fr\/wp-json\/wp\/v2\/users\/2"}],"replies":[{"embeddable":true,"href":"https:\/\/espaicrater.com\/fr\/wp-json\/wp\/v2\/comments?post=11103"}],"version-history":[{"count":2,"href":"https:\/\/espaicrater.com\/fr\/wp-json\/wp\/v2\/pages\/11103\/revisions"}],"predecessor-version":[{"id":11399,"href":"https:\/\/espaicrater.com\/fr\/wp-json\/wp\/v2\/pages\/11103\/revisions\/11399"}],"up":[{"embeddable":true,"href":"https:\/\/espaicrater.com\/fr\/wp-json\/wp\/v2\/pages\/1712"}],"wp:featuredmedia":[{"embeddable":true,"href":"https:\/\/espaicrater.com\/fr\/wp-json\/wp\/v2\/media\/11368"}],"wp:attachment":[{"href":"https:\/\/espaicrater.com\/fr\/wp-json\/wp\/v2\/media?parent=11103"}],"curies":[{"name":"wp","href":"https:\/\/api.w.org\/{rel}","templated":true}]}}

<title>Projet Escola d&#039;Arts i Disseny d&#039;Olot - Espai Cràter</title>
<meta name="description" content="La collaboration entre Espai Cràter et l&#039;école d&#039;art et de design d&#039;Olot s&#039;est consolidée dans le cadre d&#039;un projet visant à..." />
<meta name="robots" content="index, follow, max-snippet:-1, max-image-preview:large, max-video-preview:-1" />
<link rel="canonical" href="https://espaicrater.com/fr/explorer/initiative/le-projet-de-batet-2/" />
<meta property="og:locale" content="fr_FR" />
<meta property="og:type" content="article" />
<meta property="og:title" content="Projet Escola d&#039;Arts i Disseny d&#039;Olot - Espai Cràter" />
<meta property="og:description" content="La collaboration entre Espai Cràter et l&#039;école d&#039;art et de design d&#039;Olot s&#039;est consolidée dans le cadre d&#039;un projet visant à..." />
<meta property="og:url" content="https://espaicrater.com/fr/explorer/initiative/le-projet-de-batet-2/" />
<meta property="og:site_name" content="Espai Cràter" />
<meta property="article:modified_time" content="2025-02-05T10:38:13+00:00" />
<meta property="og:image" content="https://espaicrater.com/app/uploads/2025/02/Captura-de-pantalla-2025-02-04-a-les-11.11.56.jpg" />
	<meta property="og:image:width" content="1788" />
	<meta property="og:image:height" content="1122" />
	<meta property="og:image:type" content="image/jpeg" />
<meta name="twitter:card" content="summary_large_image" />
<script type="application/ld+json" class="yoast-schema-graph">{"@context":"https:\/\/schema.org","@graph":[{"@type":"WebPage","@id":"https:\/\/espaicrater.com\/fr\/explorer\/initiative\/le-projet-de-batet-2\/","url":"https:\/\/espaicrater.com\/fr\/explorer\/initiative\/le-projet-de-batet-2\/","name":"Projet Escola d'Arts i Disseny d'Olot - Espai Cràter","isPartOf":{"@id":"https:\/\/espaicrater.com\/#website"},"primaryImageOfPage":{"@id":"https:\/\/espaicrater.com\/fr\/explorer\/initiative\/le-projet-de-batet-2\/#primaryimage"},"image":{"@id":"https:\/\/espaicrater.com\/fr\/explorer\/initiative\/le-projet-de-batet-2\/#primaryimage"},"thumbnailUrl":"https:\/\/espaicrater.com\/app\/uploads\/2025\/02\/Captura-de-pantalla-2025-02-04-a-les-11.11.56.jpg","datePublished":"2025-02-03T09:54:29+00:00","dateModified":"2025-02-05T10:38:13+00:00","description":"La collaboration entre Espai Cràter et l'école d'art et de design d'Olot s'est consolidée dans le cadre d'un projet visant à...","breadcrumb":{"@id":"https:\/\/espaicrater.com\/fr\/explorer\/initiative\/le-projet-de-batet-2\/#breadcrumb"},"inLanguage":"fr-FR","potentialAction":[{"@type":"ReadAction","target":["https:\/\/espaicrater.com\/fr\/explorer\/initiative\/le-projet-de-batet-2\/"]}]},{"@type":"ImageObject","inLanguage":"fr-FR","@id":"https:\/\/espaicrater.com\/fr\/explorer\/initiative\/le-projet-de-batet-2\/#primaryimage","url":"https:\/\/espaicrater.com\/app\/uploads\/2025\/02\/Captura-de-pantalla-2025-02-04-a-les-11.11.56.jpg","contentUrl":"https:\/\/espaicrater.com\/app\/uploads\/2025\/02\/Captura-de-pantalla-2025-02-04-a-les-11.11.56.jpg","width":1788,"height":1122},{"@type":"BreadcrumbList","@id":"https:\/\/espaicrater.com\/fr\/explorer\/initiative\/le-projet-de-batet-2\/#breadcrumb","itemListElement":[{"@type":"ListItem","position":1,"name":"Home","item":"https:\/\/espaicrater.com\/fr\/"},{"@type":"ListItem","position":2,"name":"Explorer","item":"https:\/\/espaicrater.com\/fr\/explorer\/"},{"@type":"ListItem","position":3,"name":"Initiative","item":"https:\/\/espaicrater.com\/fr\/explorer\/initiative\/"},{"@type":"ListItem","position":4,"name":"Projet Escola d&#8217;Arts i Disseny d&#8217;Olot"}]},{"@type":"WebSite","@id":"https:\/\/espaicrater.com\/#website","url":"https:\/\/espaicrater.com\/","name":"Espai Cràter","description":"Viatge al centre de la vida","publisher":{"@id":"https:\/\/espaicrater.com\/#organization"},"potentialAction":[{"@type":"SearchAction","target":{"@type":"EntryPoint","urlTemplate":"https:\/\/espaicrater.com\/?s={search_term_string}"},"query-input":{"@type":"PropertyValueSpecification","valueRequired":true,"valueName":"search_term_string"}}],"inLanguage":"fr-FR"},{"@type":"Organization","@id":"https:\/\/espaicrater.com\/#organization","name":"Espai Cràter","url":"https:\/\/espaicrater.com\/","logo":{"@type":"ImageObject","inLanguage":"fr-FR","@id":"https:\/\/espaicrater.com\/#\/schema\/logo\/image\/","url":"https:\/\/espaicrater.com\/app\/uploads\/2022\/02\/espai-crater-1.png","contentUrl":"https:\/\/espaicrater.com\/app\/uploads\/2022\/02\/espai-crater-1.png","width":801,"height":320,"caption":"Espai Cràter"},"image":{"@id":"https:\/\/espaicrater.com\/#\/schema\/logo\/image\/"}}]}</script>

Projet Escola d'Arts i Disseny d'Olot - Espai Cràter

La collaboration entre Espai Cràter et l'école d'art et de design d'Olot s'est consolidée dans le cadre d'un projet visant à...

Espai Cràter
